3, 2959967
List the prime factors of 21028942.
2, 11, 181, 5281
What are the prime factors of 4492241?
13, 31, 71, 157
List the prime factors of 896506.
2, 13, 29, 41
List the prime factors of 11130715.
5, 83, 26821
What are the prime factors of 634092?
2, 3, 53, 997
List the prime factors of 19107122.
2, 19, 502819
What are the prime factors of 806308?
2, 201577
List the prime factors of 566163.
3, 13, 1613
What are the prime factors of 224613?
3, 47, 59
List the prime factors of 3360569.
3360569
What are the prime factors of 3769626?
2, 3, 7, 89753
What are the prime factors of 9558713?
9558713
What are the prime factors of 2767435?
5, 11, 67, 751
List the prime factors of 1838809.
7, 41, 43, 149
What are the prime factors of 671517?
3, 7, 11, 17, 19
List the prime factors of 308661.
3, 137, 751
What are the prime factors of 984848?
2, 61553
List the prime factors of 85739.
83, 1033
What are the prime factors of 1750662?
2, 3, 97259
What are the prime factors of 6427947?
3, 19, 112771
What are the prime factors of 1054633?
19, 47, 1181
What are the prime factors of 6981847?
6981847
What are the prime factors of 46324?
2, 37, 313
What are the prime factors of 334048?
2, 11, 13, 73
What are the prime factors of 652083?
3, 217361
What are the prime factors of 4317242?
2, 2158621
List the prime factors of 241909.
47, 5147
What are the prime factors of 28024817?
29, 966373
What are the prime factors of 62811?
3, 7, 997
List the prime factors of 4258958.
2, 11, 17599
List the prime factors of 1583119.
37, 42787
List the prime factors of 8357468.
2, 7, 59, 5059
List the prime factors of 1509048.
2, 3, 20959
List the prime factors of 561922.
2, 191, 1471
What are the prime factors of 8109908?
2, 29, 151, 463
What are the prime factors of 48521?
11, 401
List the prime factors of 1743216.
2, 3, 23, 1579
What are the prime factors of 613333?
7, 12517
What are the prime factors of 2179244?
2, 617, 883
What are the prime factors of 6231806?
2, 7, 31, 83, 173
What are the prime factors of 397581?
3, 132527
List the prime factors of 20295461.
271, 74891
What are the prime factors of 5206589?
19, 89, 3079
List the prime factors of 7975147.
7975147
What are the prime factors of 2414971?
13, 185767
What are the prime factors of 1369843?
17, 19, 4241
List the prime factors of 1139811.
3, 23, 16519
What are the prime factors of 2333818?
2, 79, 14771
List the prime factors of 20170716.
2, 3, 1680893
What are the prime factors of 2815129?
2815129
What are the prime factors of 720812?
2, 31, 5813
List the prime factors of 34549007.
233, 148279
What are the prime factors of 4455810?
2, 3, 5, 5501
What are the prime factors of 1551387?
3, 517129
List the prime factors of 9810341.
67, 146423
List the prime factors of 405531.
3, 7, 41, 157
List the prime factors of 122907.
3, 53, 773
List the prime factors of 1676011.
43, 38977
What are the prime factors of 91537?
239, 383
What are the prime factors of 15660036?
2, 3, 7, 62143
List the prime factors of 1172242.
2, 586121
What are the prime factors of 259063?
7, 17, 311
List the prime factors of 267531.
3, 11, 67
List the prime factors of 63901.
63901
List the prime factors of 304911.
3, 23, 491
What are the prime factors of 2656324?
2, 11, 73, 827
What are the prime factors of 68816?
2, 11, 17, 23
What are the prime factors of 7092630?
2, 3, 5, 109, 241
List the prime factors of 3942284.
2, 985571
List the prime factors of 691544.
2, 7, 53, 233
List the prime factors of 5543626.
2, 11, 251983
What are the prime factors of 308299?
29, 10631
List the prime factors of 1479289.
7, 17, 31, 401
What are the prime factors of 1912643?
1912643
List the prime factors of 548955.
3, 5, 11, 1109
List the prime factors of 333813.
3, 111271
What are the prime factors of 9770147?
23, 421, 1009
What are the prime factors of 1420266?
2, 3, 67, 3533
What are the prime factors of 810511?
13, 62347
What are the prime factors of 388740?
2, 3, 5, 11, 19, 31
What are the prime factors of 1346069?
97, 13877
What are the prime factors of 2977767?
3, 13, 31, 821
List the prime factors of 1527339.
3, 11, 31, 1493
List the prime factors of 3467297.
3467297
List the prime factors of 266382.
2, 3, 4933
What are the prime factors of 105271?
23, 199
List the prime factors of 327387.
3, 61, 1789
List the prime factors of 816512.
2, 6379
List the prime factors of 573566.
2, 7, 53, 773
List the prime factors of 2264773.
7, 251, 1289
What are the prime factors of 80499?
3, 26833
List the prime factors of 260562.
2, 3, 43427
List the prime factors of 884898.
2, 3, 7, 2341
What are the prime factors of 6157134?
2, 3, 41, 103
What are the prime factors of 4748444?
2, 1187111
What are the prime factors of 4578034?
2, 53, 43189
What are the prime factors of 6317233?
13, 485941
What are the prime factors of 1665539?
47, 35437
List the prime factors of 3729562.
2, 17, 43, 2551
What are the prime factors of 323693?
89, 3637
What are the prime factors of 397830?
2, 3, 5, 89, 149
List the prime factors of 41343343.
1451, 28493
What are the prime factors of 3914734?
2, 1957367
What are the prime factors of 356175?
3, 5, 1583
What are the prime factors of 4032098?
2, 7, 288007
What are the prime factors of 545176?
2, 68147
What are the prime factors of 605038?
2, 7, 23, 1879
List the prime factors of 650922.
2, 3, 157, 691
List the prime factors of 820537.
820537
What are the prime factors of 308556?
2, 3, 2857
What are the prime factors of 21591336?
2, 3, 13, 69203
List the prime factors of 145680.
2, 3, 5, 607
What are the prime factors of 223993?
7, 11, 2909
What are the prime factors of 537449?
11, 48859
What are the prime factors of 465884?
2, 116471
List the prime factors of 447900.
2, 3, 5, 1493
What are the prime factors of 2036697?
3, 13, 52223
List the prime factors of 3060005.
5, 13, 179, 263
List the prime factors of 10506036.
2, 3, 875503
List the prime factors of 27785343.
3, 191, 48491
What are the prime factors of 2424057?
3, 808019
What are the prime factors of 3823?
3823
List the prime factors of 1145765.
5, 229153
List the prime factors of 12817084.
2, 7, 653, 701
What are the prime factors of 4115355?
3, 5, 274357
List the prime factors of 175673.
175673
List the prime factors of 956160.
2, 3, 5, 83
What are the prime factors of 998596?
2, 41, 6089
List the prime factors of 2872244.
2, 499, 1439
List the prime factors of 290155.
5, 58031
List the prime factors of 167390.
2, 5, 19, 881
List the prime factors of 7548229.
13, 580633
List the prime factors of 1559261.
11, 229, 619
List the prime factors of 3174266.
2, 487, 3259
List the prime factors of 7116521.
59, 120619
List the prime factors of 126788.
2, 29, 1093
What are the prime factors of 315523?
13, 1867
List the prime factors of 1812033.
3, 201337
What are the prime factors of 3542011?
11, 322001
What are the prime factors of 651496?
2, 31, 37, 71
List the prime factors of 1081033.
29, 37277
List the prime factors of 195216.
2, 3, 7, 83
List the prime factors of 431014.
2, 215507
What are the prime factors of 2829441?
3, 443, 2129
List the prime factors of 3301168.
2, 13, 59, 269
List the prime factors of 2006375.
5, 7, 2293
List the prime factors of 2278782.
2, 3, 11, 17, 677
What are the prime factors of 12191115?
3, 5, 433, 1877
List the prime factors of 184873.
13, 14221
List the prime factors of 312388.
2, 29, 2693
List the prime factors of 214198.
2, 107099
What are the prime factors of 3135656?
2, 137, 2861
List the prime factors of 1386979.
11, 17, 7417
What are the prime factors of 540677?
540677
What are the prime factors of 6532890?
2, 3, 5, 7, 13, 2393
What are the prime factors of 176163?
3, 13, 4517
List the prime factors of 2560606.
2, 67, 97, 197
What are the prime factors of 34398708?
2, 3, 23, 124633
What are the prime factors of 325703?
7, 17, 23
List the prime factors of 3677198.
2, 7, 262657
What are the prime factors of 7496042?
2, 3748021
What are the prime factors of 2676065?
5, 7, 157, 487
List the prime factors of 2729091.
3, 909697
List the prime factors of 16038.
2, 3, 11
List the prime factors of 275061.
3, 277, 331
What are the prime factors of 438575?
5, 53, 331
What are the prime factors of 106541?
106541
What are the prime factors of 672707?
7, 17, 565